75)/(-30))/(-19)?
5
Let a = -480 + 1396. What are the prime factors of a?
2, 229
Let z(k) = -k**3 + 20*k**2 - 19*k + 93. List the prime factors of z(16).
3, 271
Let k be 202*4/(-8) + 2. Let d(a) = -7*a**2 + a - 3. Let y be d(-3). Let n = y - k. What are the prime factors of n?
2, 3, 5
Suppose 35*g = -4*z + 30*g + 6193, 5*g + 1567 = z. List the prime factors of z.
2, 97
Suppose 0 = s + s. Suppose y + 8 - 12 = s. Suppose 0 = y*d - 41 - 27. List the prime factors of d.
17
Let a = -98 + 535. What are the prime factors of a?
19, 23
Suppose 0*w - 2*w + 334 = 0. Suppose -2*k - 17 = -w. What are the prime factors of k?
3, 5
List the prime factors of ((-342)/66 - -5) + (-44888)/(-44).
2, 3, 5, 17
List the prime factors of 6138/14 - ((-270)/(-70))/9.
2, 3, 73
Suppose -4*y = -11 - 5. What are the prime factors of 8/y + (-96)/(-4)?
2, 13
Let i(b) = -b**3 - 7*b**2 - 7*b - 5. Let s = -6 + 0. Let l be i(s). Suppose 91 - l = 3*y. List the prime factors of y.
2, 3, 5
Let q(o) be the third derivative of 5*o**4/24 - 2*o**3 + 2*o**2. Let y be q(6). Suppose -2*u - 3*u - y = -i, -i + 18 = 2*u. What are the prime factors of i?
2, 3
Let r(o) = 16*o - 5. Let i(l) = -11*l + 3. Let a(u) = 7*i(u) + 5*r(u). Let g = 21 - 12. List the prime factors of a(g).
23
Let t(f) = f + 0 - f**2 + 3 + 0. Let m be t(-4). Let v = 62 + m. What are the prime factors of v?
3, 5
Suppose 23 + 137 = -5*m. Let t = 32 + m. Suppose t = 4*s - 3*s - 41. List the prime factors of s.
41
Let a(j) = -17*j + 4. Let l be a(-1). What are the prime factors of 4/(-7) + 1524/l?
2, 3
Let j = 3644 - 1405. What are the prime factors of j?
2239
Suppose 20*l - 15 = 15*l. List the prime factors of 1/(l/(-9)) - -259.
2
Let n = 194 - 123. Suppose 25 = 2*u - n. Suppose d - 2*m = -m + u, 0 = -4*d - 5*m + 219. List the prime factors of d.
3, 17
Let f be 2 - -334 - ((-2)/2 - 1). Let o = f - 212. List the prime factors of o.
2, 3, 7
What are the prime factors of (((-44028)/(-9))/(-4))/(1/(-2))?
2, 1223
Suppose -1206 = -o + 1016. Suppose -9*p + o = -10. List the prime factors of p.
2, 31
Let r be (-16 - -1)*36/(-15). Let q = 97 - r. List the prime factors of q.
61
Let y(l) = -895*l - 310. List the prime factors of y(-5).
5, 7, 17
Suppose 0 = -4*j - 20, -7*l = -2*l + j + 105. Let w = l + 108. List the prime factors of w.
2, 11
Let t(w) = -217*w + 20. What are the prime factors of t(-4)?
2, 3, 37
Let r(x) = -x**3 + 16*x**2 + 15*x - 24. List the prime factors of r(-13).
2, 2341
Suppose 2*n + 4*q + 12 = 0, 5*n = 4*n + 5*q + 29. List the prime factors of (3/2)/(n - 1729/434).
3, 31
Suppose -68*j = -69*j + 648. What are the prime factors of j?
2, 3
Let o(m) = 23*m**2 + m + 19. List the prime factors of o(4).
17, 23
Suppose 9668 = 32*r - 5564. List the prime factors of r.
2, 7, 17
Let q be (-21)/(-9) + 7/(-21). Suppose 3*o - 3*c = 0, -q*o + 7 = 3*c + 2*c. What are the prime factors of o + (-1)/(2/(-146))?
2, 37
Let z = 124 - 178. Let l be 149/2 + (-12)/(-24). Let p = z + l. List the prime factors of p.
3, 7
Let c be (-1)/(-5) - (-10)/(-50). Let w be (3/(-2))/((-1)/2). Suppose 2*l + 6 = 4*z, 2*z - 3*z + w*l - 11 = c. What are the prime factors of z?
2
Suppose -16*f + 21300 = -7052. List the prime factors of f.
2, 443
Suppose -5*n = -20 - 5, 2*q - 5*n = 8127. What are the prime factors of q?
2, 1019
Let i(s) = -4*s - 125 + 2*s + 0 + s. Let x be i(0). Let t = -75 - x. List the prime factors of t.
2, 5
What are the prime factors of (2 - 4)*(-2)/(-4) + 299?
2, 149
Let n be 0 + 4 - (-3 + 4). Suppose g + 14 = 4*z, -n*g + 4*z - 5*z + 10 = 0. Suppose 0*w + g*r = -w - 1, w - 11 = 4*r. What are the prime factors of w?
3
Let d be -5 + 9 - (-6)/(-3). Suppose -d*r = p - 152, 0 = -6*r + 3*r + 5*p + 228. What are the prime factors of r?
2, 19
Let t = -1528 + 3305. List the prime factors of t.
1777
Let m be (-4)/26 - (-140)/65. Suppose -v = m*v + 36. Let o = v + 14. What are the prime factors of o?
2
Let c be 96/(-7) - 18/63. Let s = 9 + -7. Let g = s - c. List the prime factors of g.
2
Let c(d) = -d**2 - 11*d - 11. Suppose 0 = 5*f + 13 + 17. Let a be c(f). Suppose -m + a = r, 3*r - 2 = 13. List the prime factors of m.
2, 7
Suppose o - 7*o = -78. Suppose 3*c - 3*p = -p + 22, -c - 5*p + o = 0. What are the prime factors of c?
2
Suppose -4*x + 7 = 3*k, -6 = -k + 4*x + 7. Let i(n) = 0 - 2*n**2 - 4*n + k + n**3 - 2*n. List the prime factors of i(4).
13
Let d = -1816 + 4223. List the prime factors of d.
29, 83
Let t(z) = -z**3 + 5*z**2 + 6*z + 2. Let m be t(6). Suppose -3*o + 20 = m*o. List the prime factors of (o/6)/(1/27).
2, 3
Let a(j) = -j**2 - 8*j - 10. Let p be a(-5). Suppose 0 = p*v + 92 - 317. List the prime factors of v.
3, 5
Let g(f) = 5*f**2 - 7*f + 5. Let n be g(5). Suppose 0*p + 5*p = n. Suppose p - 71 = -2*i. What are the prime factors of i?
2, 13
Let p = 17 + -29. What are the prime factors of ((-6)/p)/(2/452)?
113
What are the prime factors of 4/(-12)*3*(4 + -198)?
2, 97
Suppose -4*o = -x + 1080, o + 3*o - 1040 = -x. What are the prime factors of x?
2, 5, 53
Suppose 5*y + 105 = 5*k, -4*k + 2*y + 59 = 3*y. What are the prime factors of (-1 - -2)*8/(k/234)?
3, 13
Suppose r = 2*b - 11, -b + 15 = b - 5*r. Let o be -4*(3*-6 - 2). Suppose b*x - x = o. What are the prime factors of x?
2, 5
Suppose -5972 = 5371*h - 5375*h. What are the prime factors of h?
1493
Let x = -20 + 53. Suppose x + 112 = 5*t. What are the prime factors of t?
29
Let u be 1 + -13 + 2 + 2. Let r be u/20 + (-494)/(-10). Let c = r + -34. What are the prime factors of c?
3, 5
Let c = -11 - -431. Suppose 5*p + c = 9*p. What are the prime factors of p?
3, 5, 7
Let i = -1236 + 2261. What are the prime factors of i?
5, 41
Suppose -14 = 14*n - 56. Suppose 87 = n*d - 45. List the prime factors of d.
2, 11
Let c(y) = y**2 + 28*y - 35. List the prime factors of c(-31).
2, 29
Let r(k) = -k**2 - 10*k + 32. Let x be r(-13). Let w = x + 72. List the prime factors of w.
5, 13
Suppose 5 + 3 = 4*i. Suppose 4*c - i*w + 66 = -4*w, 0 = c + 5*w + 21. List the prime factors of 72/c*32/(-6).
2, 3
Suppose 2*l - 2 = -4*k + 6*k, -4*k - 5*l + 23 = 0. Suppose 0 = 2*g + k - 12. Let a(s) = -s**2 + 11*s + 6. List the prime factors of a(g).
2, 3
Suppose 0 = 3*q, -5*t + 15*q - 14*q = -20. Let v be 4/3*63/6. List the prime factors of t*2 + -10 + v.
2, 3
Let l(v) be the third derivative of v**5/15 + 2*v**4/3 + 3*v**3/2 - 15*v**2. List the prime factors of l(-6).
3, 19
Let x(g) = -3*g**3 + 24*g**2 - 10*g + 13. Let f be x(7). Let d = -97 + 41. Let w = d + f. What are the prime factors of w?
2, 17
Let w(j) = -4*j - 18. Let t be w(-6). What are the prime factors of (t/18)/(4/120)?
2, 5
Suppose 4*l = -16, -i = -4*l + 12 - 35. List the prime factors of 220/3 - i/21.
73
Suppose 1242 = 3*t - 5*y - 3255, t - 3*y = 1495. List the prime factors of t.
2, 47
Suppose -9 = 3*q + 3*w - 3, -3*q + 2*w + 9 = 0. What are the prime factors of q + (2 + -4 - -3)*76?
7, 11
Let y(o) = -7346*o + 4. Let z be y(-1). List the prime factors of z/110 - (-2)/11.
67
Let h(o) = 114*o**2 + 2*o. What are the prime factors of h(-1)?
2, 7
Suppose 5*t - 1181 = -4*f, 18*f + 2*t + 1501 = 23*f. List the prime factors of f.
13, 23
Suppose -3*l - a = -157, 0 = -5*l + 5*a + 50 + 225. List the prime factors of l.
53
Suppose -3*m + 3*p = -12033, 4*m - 7300 = 2*p + 8736. List the prime factors of m.
4007
Let i(t) = -27*t**3 + t**2 - t - 6. What are the prime factors of i(-3)?
3, 5, 7
Let u(x) = 13*x**2 - 102*x**3 + 4*x + 52*x**3 + 51*x**3. List the prime factors of u(-7).
2, 7, 19
Let j = 118 - 21. Suppose -5*l = j - 257. List the prime factors of l.
2
Suppose 9*i + i = 230. Let p = 51 - i. List the prime factors of p.
2, 7
Let f = 49 + -77. What are the prime factors of (-2112)/f + 4/7?
2, 19
Let o(s) = s**2 + 7*s - 8. Let i be o(-4). Let q(b) = b**2 + 19*b - 8. What are the prime factors of q(i)?
2, 3
Suppose 4*d = -h + 10380, -4*d = 8*h - 6*h - 10376. What are the prime factors of d?
2, 11, 59
Let x = 1460 - 949. Suppose -3*m + x = 4*v, -v = 3*m - 61 - 69. What are the prime factors of v?
127
Suppose 279 = 12*t - 741. List the prime factors of t.
5, 17
Let s(v) = 13*v**2 - 3*v + 2. Let y be (54/45)/(2/30). Let z = y + -16. What are the prime factors of s(z)?
2, 3
Suppose -9185 = -24*o + 35815. What are the prime factors of o?
3, 5
Let x be ((-9)